9?
True
Does 13 divide 33785?
False
Is 28547 a multiple of 14?
False
Is 22251 a multiple of 4?
False
Does 17 divide 3989?
False
Is 416 a multiple of 28?
False
Is 728 a multiple of 56?
True
Is 367 a multiple of 5?
False
Is 28579 a multiple of 34?
False
Does 28 divide 5744?
False
Does 63 divide 8820?
True
Is 1904 a multiple of 112?
True
Is 4 a factor of 245?
False
Does 35 divide 35?
True
Is 12 a factor of 49584?
True
Is 10 a factor of 3110?
True
Does 66 divide 13200?
True
Is 16 a factor of 720?
True
Is 1307 a multiple of 3?
False
Is 47 a factor of 464?
False
Is 13 a factor of 34?
False
Is 59 a factor of 5397?
False
Is 10080 a multiple of 16?
True
Does 11 divide 426?
False
Does 10 divide 475?
False
Is 19 a factor of 133?
True
Is 368 a multiple of 3?
False
Is 5184 a multiple of 72?
True
Is 13 a factor of 845?
True
Does 38 divide 23945?
False
Is 3640 a multiple of 14?
True
Does 68 divide 1937?
False
Is 8 a factor of 6032?
True
Is 85 a factor of 15949?
False
Does 26 divide 458?
False
Is 10277 a multiple of 14?
False
Is 49959 a multiple of 273?
True
Is 19 a factor of 889?
False
Is 11040 a multiple of 32?
True
Is 10 a factor of 427?
False
Does 6 divide 1116?
True
Is 8430 a multiple of 21?
False
Is 14 a factor of 1629?
False
Does 7 divide 208?
False
Does 105 divide 7350?
True
Does 16 divide 2241?
False
Does 30 divide 90150?
True
Is 67224 a multiple of 24?
True
Is 101 a factor of 26563?
True
Is 5 a factor of 10510?
True
Is 15 a factor of 435?
True
Is 246 a multiple of 40?
False
Does 33 divide 1161?
False
Is 544 a multiple of 16?
True
Is 31 a factor of 713?
True
Is 36 a factor of 1003?
False
Does 2 divide 301?
False
Is 28 a factor of 16020?
False
Is 5 a factor of 3032?
False
Does 6 divide 2040?
True
Is 4988 a multiple of 43?
True
Is 105 a factor of 12435?
False
Does 59 divide 327?
False
Is 21051 a multiple of 16?
False
Does 10 divide 107470?
True
Is 4760 a multiple of 40?
True
Is 33858 a multiple of 209?
True
Does 8 divide 4917?
False
Is 50 a factor of 3983?
False
Is 8 a factor of 800?
True
Is 8830 a multiple of 16?
False
Is 966 a multiple of 9?
False
Is 304 a multiple of 16?
True
Does 39 divide 1071?
False
Does 107 divide 2171?
False
Does 13 divide 484?
False
Is 5 a factor of 43285?
True
Does 61 divide 22547?
False
Is 60 a multiple of 60?
True
Does 133 divide 4522?
True
Is 1139 a multiple of 67?
True
Does 101 divide 1818?
True
Is 15 a factor of 678?
False
Is 885 a multiple of 4?
False
Does 14 divide 1184?
False
Is 52 a factor of 19448?
True
Does 36 divide 259?
False
Is 261 a multiple of 24?
False
Does 65 divide 76700?
True
Does 17 divide 11682?
False
Is 1056 a multiple of 33?
True
Is 34 a factor of 17982?
False
Is 8 a factor of 471?
False
Does 38 divide 4152?
False
Is 10 a factor of 560?
True
Is 91598 a multiple of 121?
False
Does 30 divide 2910?
True
Does 23 divide 96344?
False
Does 15 divide 630?
True
Does 30 divide 3930?
True
Is 2132 a multiple of 19?
False
Is 24 a factor of 4435?
False
Is 21 a factor of 19661?
False
Does 58 divide 1150?
False
Is 477 a multiple of 3?
True
Is 25 a factor of 800?
True
Is 29 a factor of 116?
True
Is 836 a multiple of 4?
True
Does 63 divide 390?
False
Is 67 a multiple of 19?
False
Is 12 a factor of 1104?
True
Is 595 a multiple of 16?
False
Does 113 divide 33787?
True
Is 6216 a multiple of 21?
True
Is 252 a multiple of 7?
True
Does 4 divide 14923?
False
Does 16 divide 514?
False
Is 28635 a multiple of 15?
True
Is 165 a multiple of 3?
True
Does 72 divide 792?
True
Does 221 divide 59228?
True
Is 4109 a multiple of 10?
False
Does 55 divide 605?
True
Is 420 a multiple of 9?
False
Is 69403 a multiple of 11?
False
Does 12 divide 596?
False
Does 84 divide 1313?
False
Is 5 a factor of 732?
False
Is 692 a multiple of 6?
False
Is 37 a factor of 1702?
True
Is 16 a factor of 2976?
True
Is 347 a multiple of 4?
False
Is 254 a factor of 24638?
True
Is 150 a factor of 49950?
True
Does 179 divide 46898?
True
Is 26 a multiple of 26?
True
Does 6 divide 2236?
False
Does 121 divide 8210?
False
Is 19024 a multiple of 41?
True
Does 17 divide 1488?
False
Is 31 a factor of 945?
False
Is 12 a factor of 4176?
True
Is 3 a factor of 318?
True
Is 161 a multiple of 2?
False
Is 150 a multiple of 75?
True
Does 12 divide 1499?
False
Is 3951 a multiple of 33?
False
Does 37 divide 2907?
False
Is 128 even?
True
Is 387 a multiple of 9?
True
Is 3 a factor of 38519?
False
Is 40 a factor of 3517?
False
Does 2 divide 3860?
True
Does 62 divide 652?
False
Does 5 divide 1954?
False
Is 18 a factor of 1465?
False
Is 4 a factor of 180?
True
Is 4520 a multiple of 10?
True
Is 77 a multiple of 2?
False
Is 408 a multiple of 4?
True
Is 6450 a multiple of 9?
False
Is 1846 a multiple of 24?
False
Does 10 divide 1014?
False
Is 20 a factor of 15500?
True
Is 11 a factor of 7892?
False
Is 7605 a multiple of 15?
True
Does 13 divide 50583?
True
Is 230 a multiple of 23?
True
Does 10 divide 10608?
False
Is 2266 a multiple of 6?
False
Is 35866 a multiple of 227?
True
Is 216 a multiple of 36?
True
Does 3 divide 87?
True
Is 1248 a multiple of 49?
False
Is 14490 a multiple of 115?
True
Is 25 a factor of 685?
False
Does 17 divide 1071?
True
Does 46 divide 5210?
False
Is 2 a factor of 295?
False
Is 9273 a multiple of 168?
False
Is 6 a factor of 17362?
False
Is 4904 a multiple of 35?
False
Does 17 divide 2605?
False
Is 219 a factor of 4818?
True
Does 113 divide 13334?
True
Does 7 divide 10787?
True
Is 42 a factor of 21787?
False
Is 1900 a multiple of 100?
True
Is 21 a factor of 19362?
True
Does 10 divide 100?
True
Is 972 a multiple of 18?
True
Is 16 a factor of 1414?
False
Is 7 a factor of 154?
True
Is 5829 a multiple of 49?
False
Does 10 divide 190?
True
Is 1391 a multiple of 6?
False
Does 21 divide 378?
True
Does 13 divide 1911?
True
Does 5 divide 10008?
False
Does 68 divide 51748?
True
Is 51 a factor of 18360?
True
Does 19 divide 22983?
False
Is 1208 a multiple of 8?
True
Is 145 a multiple of 3?
False
Does 5 divide 205?
True
Is 9792 a multiple of 96?
True
Is 38 a factor of 16036?
True
Is 65 a factor of 7150?
True
Is 346 a multiple of 37?
False
Is 194 a factor of 21922?
True
Is 36060 a multiple of 20?
True
Is 249 a multiple of 18?
False
Is 3212 a multiple of 44?
True
Is 1388 a multiple of 30?
False
Does 30 divide 6600?
True
Is 47 a factor of 376?
True
Is 11335 a multiple of 174?
False
Is 80 a factor of 14480?
True
Does 76 divide 42603?
False
Does 19 divide 347?
False
Is 15 a factor of 1220?
False
Is 13 a factor of 24577?
False
Is 31 a factor of 22227?
True
Does 14 divide 10990?
True
Is 970 a multiple of 61?
False
Does 8 divide 1365?
False
Does 68 divide 136?
True
Is 11 a factor of 1320?
True
Is 108279 a multiple of 227?
True
Does 11 divide 2046?
True
Does 26 divide 7987?
False
Is 114 a multiple of 5?
False
Is 3385 a multiple of 5?
True
Is 140 a factor of 8132?
False
Does 88 divide 1823?
False
Is 5 a factor of 4022?
False
Is 1840 a multiple of 115?
True
Is 1971 a multiple of 26?
False
Does 13 divide 40070?
False
Is 668 a multiple of 15?
False
Is 497 a multiple of 7?
True
Is 3 a factor of 105?
True
Is 5 a factor of 5340?
True
Does 19 divide 418?
True
Is 47 a factor of 2162?
True
Is 54 a factor of 324?
True
Is 4317 a multiple of 20?
False
Is 7015 a multiple of 8?
False
Is 1915 a multiple of 19?
False
Is 13 a factor of 3913?
True
Does 19 divide 8120?
False
Is 20362 a multiple of 8?
False
Is 21 a factor of 1575?
True
Does 9 divide 466?
False
Is 10038 a multiple of 50?
False
Is 22808 a multiple of 12?
False
Is 288 a multiple of 43?
False
Is 1238 a multiple of 12?
False
Is 3772 a multiple of 100?
False
Does 34 divide 14190?
False
Is 5363 a multiple of 173?
True
Is 492 a multiple of 12?
True
Is 15 a factor of 66573?
False
Does 14 divide 3883?
False
Is 91 a factor of 3185?
True
Is 11 a factor of 651?
False
Is 123 a multiple of 7?
False
Is 16317 a multiple of 37?
True
Is 13 a factor of 507?
True
Does 237 divide 35550?
True
Is 8 a factor of 574?
False
Is 16 a factor of 26952?
False
Is 2040 a multiple of 25?
False
Does 5 divide 11595?
True
Is 155474 a multiple of 407?
True
Is 3 a factor of 894?
True
Does 3 divide 857?
False
Is 4053 a multiple of 3?
True
Is 11 a factor of 1562?
True
Is 291 a multiple of 17?
False
Does 23 divide 535?
False
Is 3 a factor of 3535?
False
Is 91 a factor of 9490?
False